{"id":724,"date":"2016-11-27T00:22:25","date_gmt":"2016-11-27T00:22:25","guid":{"rendered":"http:\/\/jolitape.ca\/?page_id=724"},"modified":"2019-07-18T18:25:34","modified_gmt":"2019-07-18T18:25:34","slug":"impression-et-plastiques","status":"publish","type":"page","link":"http:\/\/jolitape.ca\/?page_id=724&lang=fr","title":{"rendered":"Impression et Plastiques"},"content":{"rendered":"<p><span style=\"color: #000080;\"><strong>Rubans<\/strong><\/span><\/p>\n<p><!--Right hand cell--><\/p>\n<table class=\"product-list\" border=\"0\" width=\"663\" cellspacing=\"0\" cellpadding=\"0\">\n<tbody>\n<tr><!--Left hand cell--><\/p>\n<td class=\"titleSm\" valign=\"top\" width=\"199\">\n<p style=\"text-align: left;\">\u2022 Sans acide<br \/>\n\u2022 Anti-d\u00e9rapant \/ adh\u00e9rent<br \/>\n\u2022 Mousse \u2013 simple et double face<br \/>\n\u2022 Double face haut\/bas adh\u00e9sion<br \/>\n\u2022 \u00c9pissure photographique<br \/>\n\u2022 Pellicule en polyester<br \/>\n\u2022 \u00c9pissure de papier rel\u00e2che<br \/>\n\u2022 Bouclage de rouleau<br \/>\n\u2022 \u00c9pissure<\/p>\n<\/td>\n<td class=\"titleSm\" valign=\"top\" width=\"483\">\n<p style=\"text-align: left; padding-left: 30px;\">\u2022 Transfert adh\u00e9sif<br \/>\n\u2022 Double face<br \/>\n\u2022 Ultra transparent<br \/>\n\u2022 Bas friction<br \/>\n\u2022 Montage de plaques<br \/>\n\u2022 Lithographes rouge<br \/>\n\u2022 Remise \u00e0 p\u00e2te<br \/>\n\u2022 Silicone caoutchouc \u2013 haute friction, lisse, embreve<br \/>\n\u2022 PTFE<\/p>\n<\/td>\n<\/tr>\n<\/tbody>\n<\/table>\n<p><span style=\"color: #000080;\"><strong>Produits pour les cylindres d&#8217;impression<br \/>\n<\/strong><\/span><\/p>\n<p><!--Right hand cell--><\/p>\n<table class=\"product-list\" border=\"0\" width=\"663\" cellspacing=\"0\" cellpadding=\"0\">\n<tbody>\n<tr><!--Left hand cell--><\/p>\n<td class=\"titleSm\" style=\"text-align: left;\" valign=\"top\" width=\"199\">\u2022 Anti-d\u00e9rapant<br \/>\n\u2022 Adh\u00e9ration \u00e9lev\u00e9<br \/>\n\u2022 Gaines<\/td>\n<td class=\"titleSm\" valign=\"top\" width=\"483\">\n<p style=\"text-align: left; padding-left: 30px;\">\u2022 Gaines thermo-r\u00e9tr\u00e9cissable<br \/>\n\u2022 Silicone caoutchouc<br \/>\n\u2022 PTFE \u2013 rubans, FEP, PFA<\/p>\n<\/td>\n<\/tr>\n<\/tbody>\n<\/table>\n<p><span style=\"color: #000080;\"><strong>Courroies<\/strong><\/span><\/p>\n<p><!--Right hand cell--><\/p>\n<table class=\"product-list\" border=\"0\" width=\"663\" cellspacing=\"0\" cellpadding=\"0\">\n<tbody>\n<tr><!--Left hand cell--><\/p>\n<td class=\"titleSm\" valign=\"top\" width=\"199\">\n<p style=\"text-align: left;\">\u2022 Antistatique<br \/>\n\u2022 Sans fin<br \/>\n\u2022 Thermo-r\u00e9tr\u00e9cissable<br \/>\n\u2022 Tissue enduit de ptfe<br \/>\n\u2022 Silicone caoutchouc<br \/>\n\u2022 PTFE<\/p>\n<\/td>\n<td class=\"titleSm\" valign=\"top\" width=\"483\">\n<p style=\"text-align: left; padding-left: 30px;\">\u2022 Renforcement de bord<br \/>\n\u2022 Joint thermique<br \/>\n\u2022 Surface maill\u00e9 ouverte<br \/>\n\u2022 Tissue enduit de caoutchouc<br \/>\n\u2022 \u00c9pissure &#8211; alligator, lamin\u00e9<br \/>\n\u2022 Pistage<\/p>\n<\/td>\n<\/tr>\n<\/tbody>\n<\/table>\n<p><span style=\"color: #000080;\"><strong>Produits compl\u00e9mentaires<br \/>\n<\/strong><\/span><\/p>\n<p><!--Right hand cell--><\/p>\n<table class=\"product-list\" border=\"0\" width=\"663\" cellspacing=\"0\" cellpadding=\"0\">\n<tbody>\n<tr><!--Left hand cell--><\/p>\n<td class=\"titleSm\" valign=\"top\" width=\"199\">\n<p style=\"text-align: left;\">\u2022 Maintenance \u00e9lectrique<br \/>\n\u2022 Maintenance industriel<br \/>\n\u2022 D\u00e9vidoirs<\/p>\n<\/td>\n<td class=\"titleSm\" valign=\"top\" width=\"483\">\n<p style=\"text-align: left;\">\u2022 Gaines thermo-r\u00e9tr\u00e9cissable<br \/>\n\u2022 Emballage<br \/>\n\u2022 Contr\u00f4le du statique<\/p>\n<\/td>\n<\/tr>\n<\/tbody>\n<\/table>\n","protected":false},"excerpt":{"rendered":"<p>Rubans \u2022 Sans acide \u2022 Anti-d\u00e9rapant \/ adh\u00e9rent \u2022 Mousse \u2013 simple et double face \u2022 Double face haut\/bas adh\u00e9sion \u2022 \u00c9pissure photographique \u2022 Pellicule en polyester \u2022 \u00c9pissure de papier rel\u00e2che \u2022 Bouclage de rouleau \u2022 \u00c9pissure \u2022 Transfert adh\u00e9sif \u2022 Double face \u2022 Ultra transparent \u2022 Bas friction \u2022 Montage de plaques \u2022<\/p>\n<p class=\"more-link\"><a href=\"http:\/\/jolitape.ca\/?page_id=724&#038;lang=fr\" class=\"themebutton2\">READ MORE<\/a><\/p>\n","protected":false},"author":2,"featured_media":0,"parent":703,"menu_order":0,"comment_status":"closed","ping_status":"closed","template":"","meta":{"footnotes":""},"class_list":["post-724","page","type-page","status-publish","hentry"],"yoast_head":"<!-- This site is optimized with the Yoast SEO plugin v27.3 - https:\/\/yoast.com\/product\/yoast-seo-wordpress\/ -->\n<title>Impression et Plastiques - JOLI<\/title>\n<meta name=\"robots\" content=\"index, follow, max-snippet:-1, max-image-preview:large, max-video-preview:-1\" \/>\n<link rel=\"canonical\" href=\"http:\/\/jolitape.ca\/?page_id=724&lang=fr\" \/>\n<meta property=\"og:locale\" content=\"en_US\" \/>\n<meta property=\"og:type\" content=\"article\" \/>\n<meta property=\"og:title\" content=\"Impression et Plastiques - JOLI\" \/>\n<meta property=\"og:description\" content=\"Rubans \u2022 Sans acide \u2022 Anti-d\u00e9rapant \/ adh\u00e9rent \u2022 Mousse \u2013 simple et double face \u2022 Double face haut\/bas adh\u00e9sion \u2022 \u00c9pissure photographique \u2022 Pellicule en polyester \u2022 \u00c9pissure de papier rel\u00e2che \u2022 Bouclage de rouleau \u2022 \u00c9pissure \u2022 Transfert adh\u00e9sif \u2022 Double face \u2022 Ultra transparent \u2022 Bas friction \u2022 Montage de plaques \u2022READ MORE\" \/>\n<meta property=\"og:url\" content=\"http:\/\/jolitape.ca\/?page_id=724&amp;lang=fr\" \/>\n<meta property=\"og:site_name\" content=\"JOLI\" \/>\n<meta property=\"article:modified_time\" content=\"2019-07-18T18:25:34+00:00\" \/>\n<meta name=\"twitter:card\" content=\"summary_large_image\" \/>\n<meta name=\"twitter:label1\" content=\"Est. reading time\" \/>\n\t<meta name=\"twitter:data1\" content=\"1 minute\" \/>\n<script type=\"application\/ld+json\" class=\"yoast-schema-graph\">{\"@context\":\"https:\\\/\\\/schema.org\",\"@graph\":[{\"@type\":\"WebPage\",\"@id\":\"http:\\\/\\\/jolitape.ca\\\/?page_id=724&lang=fr\",\"url\":\"http:\\\/\\\/jolitape.ca\\\/?page_id=724&lang=fr\",\"name\":\"Impression et Plastiques - JOLI\",\"isPartOf\":{\"@id\":\"http:\\\/\\\/jolitape.ca\\\/#website\"},\"datePublished\":\"2016-11-27T00:22:25+00:00\",\"dateModified\":\"2019-07-18T18:25:34+00:00\",\"breadcrumb\":{\"@id\":\"http:\\\/\\\/jolitape.ca\\\/?page_id=724&lang=fr#breadcrumb\"},\"inLanguage\":\"en-US\",\"potentialAction\":[{\"@type\":\"ReadAction\",\"target\":[\"http:\\\/\\\/jolitape.ca\\\/?page_id=724&lang=fr\"]}]},{\"@type\":\"BreadcrumbList\",\"@id\":\"http:\\\/\\\/jolitape.ca\\\/?page_id=724&lang=fr#breadcrumb\",\"itemListElement\":[{\"@type\":\"ListItem\",\"position\":1,\"name\":\"Home\",\"item\":\"http:\\\/\\\/jolitape.ca\\\/?page_id=102&lang=en\"},{\"@type\":\"ListItem\",\"position\":2,\"name\":\"Industries que nous servons\",\"item\":\"http:\\\/\\\/jolitape.ca\\\/?page_id=703&lang=fr\"},{\"@type\":\"ListItem\",\"position\":3,\"name\":\"Impression et Plastiques\"}]},{\"@type\":\"WebSite\",\"@id\":\"http:\\\/\\\/jolitape.ca\\\/#website\",\"url\":\"http:\\\/\\\/jolitape.ca\\\/\",\"name\":\"JOLI\",\"description\":\"Tapes and Adhesives Distributor &amp; Converter.\",\"publisher\":{\"@id\":\"http:\\\/\\\/jolitape.ca\\\/#organization\"},\"alternateName\":\"Jolitape\",\"potentialAction\":[{\"@type\":\"SearchAction\",\"target\":{\"@type\":\"EntryPoint\",\"urlTemplate\":\"http:\\\/\\\/jolitape.ca\\\/?s={search_term_string}\"},\"query-input\":{\"@type\":\"PropertyValueSpecification\",\"valueRequired\":true,\"valueName\":\"search_term_string\"}}],\"inLanguage\":\"en-US\"},{\"@type\":\"Organization\",\"@id\":\"http:\\\/\\\/jolitape.ca\\\/#organization\",\"name\":\"JOLI\",\"alternateName\":\"F. Hendel Distribution Inc.\",\"url\":\"http:\\\/\\\/jolitape.ca\\\/\",\"logo\":{\"@type\":\"ImageObject\",\"inLanguage\":\"en-US\",\"@id\":\"http:\\\/\\\/jolitape.ca\\\/#\\\/schema\\\/logo\\\/image\\\/\",\"url\":\"http:\\\/\\\/jolitape.ca\\\/wp-content\\\/uploads\\\/2016\\\/09\\\/cropped-joli-logo_highres-1.jpg\",\"contentUrl\":\"http:\\\/\\\/jolitape.ca\\\/wp-content\\\/uploads\\\/2016\\\/09\\\/cropped-joli-logo_highres-1.jpg\",\"width\":1092,\"height\":382,\"caption\":\"JOLI\"},\"image\":{\"@id\":\"http:\\\/\\\/jolitape.ca\\\/#\\\/schema\\\/logo\\\/image\\\/\"}}]}<\/script>\n<!-- \/ Yoast SEO plugin. -->","yoast_head_json":{"title":"Impression et Plastiques - JOLI","robots":{"index":"index","follow":"follow","max-snippet":"max-snippet:-1","max-image-preview":"max-image-preview:large","max-video-preview":"max-video-preview:-1"},"canonical":"http:\/\/jolitape.ca\/?page_id=724&lang=fr","og_locale":"en_US","og_type":"article","og_title":"Impression et Plastiques - JOLI","og_description":"Rubans \u2022 Sans acide \u2022 Anti-d\u00e9rapant \/ adh\u00e9rent \u2022 Mousse \u2013 simple et double face \u2022 Double face haut\/bas adh\u00e9sion \u2022 \u00c9pissure photographique \u2022 Pellicule en polyester \u2022 \u00c9pissure de papier rel\u00e2che \u2022 Bouclage de rouleau \u2022 \u00c9pissure \u2022 Transfert adh\u00e9sif \u2022 Double face \u2022 Ultra transparent \u2022 Bas friction \u2022 Montage de plaques \u2022READ MORE","og_url":"http:\/\/jolitape.ca\/?page_id=724&lang=fr","og_site_name":"JOLI","article_modified_time":"2019-07-18T18:25:34+00:00","twitter_card":"summary_large_image","twitter_misc":{"Est. reading time":"1 minute"},"schema":{"@context":"https:\/\/schema.org","@graph":[{"@type":"WebPage","@id":"http:\/\/jolitape.ca\/?page_id=724&lang=fr","url":"http:\/\/jolitape.ca\/?page_id=724&lang=fr","name":"Impression et Plastiques - JOLI","isPartOf":{"@id":"http:\/\/jolitape.ca\/#website"},"datePublished":"2016-11-27T00:22:25+00:00","dateModified":"2019-07-18T18:25:34+00:00","breadcrumb":{"@id":"http:\/\/jolitape.ca\/?page_id=724&lang=fr#breadcrumb"},"inLanguage":"en-US","potentialAction":[{"@type":"ReadAction","target":["http:\/\/jolitape.ca\/?page_id=724&lang=fr"]}]},{"@type":"BreadcrumbList","@id":"http:\/\/jolitape.ca\/?page_id=724&lang=fr#breadcrumb","itemListElement":[{"@type":"ListItem","position":1,"name":"Home","item":"http:\/\/jolitape.ca\/?page_id=102&lang=en"},{"@type":"ListItem","position":2,"name":"Industries que nous servons","item":"http:\/\/jolitape.ca\/?page_id=703&lang=fr"},{"@type":"ListItem","position":3,"name":"Impression et Plastiques"}]},{"@type":"WebSite","@id":"http:\/\/jolitape.ca\/#website","url":"http:\/\/jolitape.ca\/","name":"JOLI","description":"Tapes and Adhesives Distributor &amp; Converter.","publisher":{"@id":"http:\/\/jolitape.ca\/#organization"},"alternateName":"Jolitape","potentialAction":[{"@type":"SearchAction","target":{"@type":"EntryPoint","urlTemplate":"http:\/\/jolitape.ca\/?s={search_term_string}"},"query-input":{"@type":"PropertyValueSpecification","valueRequired":true,"valueName":"search_term_string"}}],"inLanguage":"en-US"},{"@type":"Organization","@id":"http:\/\/jolitape.ca\/#organization","name":"JOLI","alternateName":"F. Hendel Distribution Inc.","url":"http:\/\/jolitape.ca\/","logo":{"@type":"ImageObject","inLanguage":"en-US","@id":"http:\/\/jolitape.ca\/#\/schema\/logo\/image\/","url":"http:\/\/jolitape.ca\/wp-content\/uploads\/2016\/09\/cropped-joli-logo_highres-1.jpg","contentUrl":"http:\/\/jolitape.ca\/wp-content\/uploads\/2016\/09\/cropped-joli-logo_highres-1.jpg","width":1092,"height":382,"caption":"JOLI"},"image":{"@id":"http:\/\/jolitape.ca\/#\/schema\/logo\/image\/"}}]}},"_links":{"self":[{"href":"http:\/\/jolitape.ca\/index.php?rest_route=\/wp\/v2\/pages\/724","targetHints":{"allow":["GET"]}}],"collection":[{"href":"http:\/\/jolitape.ca\/index.php?rest_route=\/wp\/v2\/pages"}],"about":[{"href":"http:\/\/jolitape.ca\/index.php?rest_route=\/wp\/v2\/types\/page"}],"author":[{"embeddable":true,"href":"http:\/\/jolitape.ca\/index.php?rest_route=\/wp\/v2\/users\/2"}],"replies":[{"embeddable":true,"href":"http:\/\/jolitape.ca\/index.php?rest_route=%2Fwp%2Fv2%2Fcomments&post=724"}],"version-history":[{"count":4,"href":"http:\/\/jolitape.ca\/index.php?rest_route=\/wp\/v2\/pages\/724\/revisions"}],"predecessor-version":[{"id":1044,"href":"http:\/\/jolitape.ca\/index.php?rest_route=\/wp\/v2\/pages\/724\/revisions\/1044"}],"up":[{"embeddable":true,"href":"http:\/\/jolitape.ca\/index.php?rest_route=\/wp\/v2\/pages\/703"}],"wp:attachment":[{"href":"http:\/\/jolitape.ca\/index.php?rest_route=%2Fwp%2Fv2%2Fmedia&parent=724"}],"curies":[{"name":"wp","href":"https:\/\/api.w.org\/{rel}","templated":true}]}}