{"id":741,"date":"2016-11-27T00:44:29","date_gmt":"2016-11-27T00:44:29","guid":{"rendered":"http:\/\/jolitape.ca\/?page_id=741"},"modified":"2016-11-27T18:39:29","modified_gmt":"2016-11-27T18:39:29","slug":"produits-antistatiques","status":"publish","type":"page","link":"http:\/\/jolitape.ca\/?page_id=741&lang=fr","title":{"rendered":"Produits antistatiques"},"content":{"rendered":"<p><strong><span style=\"color: #000080;\">Rubans<\/span> <span style=\"color: #ff0000;\">(disponible en formes et tailles sp\u00e9cialis\u00e9s)<\/span><\/strong><\/p>\n<table class=\"product-list\" border=\"0\" width=\"663\" cellspacing=\"0\" cellpadding=\"0\">\n<tbody>\n<tr>\n<td style=\"text-align: left;\" valign=\"top\">\u2022 marquage \u2022 adh\u00e9sifs de transfert conducteur \u2022 conducteur \u2022 utilisation g\u00e9n\u00e9rale (&#8220;ESD&#8221; imprim\u00e9 disponible) \u2022 ESD kapton\/polyamide<\/p>\n<p style=\"text-align: left;\">\u2022 emballages \u2022 protection EMI \u2022 statique dissapative \u2022 PTFE en verre \u2022 masquage faible statique<\/p>\n<\/td>\n<\/tr>\n<\/tbody>\n<\/table>\n<p><span style=\"color: #000080;\"><strong>Emballages<\/strong><\/span><\/p>\n<table class=\"product-list\" border=\"0\" width=\"663\" cellspacing=\"0\" cellpadding=\"0\">\n<tbody>\n<tr>\n<td class=\"titleSm\" valign=\"top\" width=\"199\">\n<p style=\"text-align: left;\">Sacs<\/p>\n<\/td>\n<td style=\"width: 483px;\">\n<p style=\"text-align: left;\">\u2022 m\u00e9tallis\u00e9 en\/hors \u2022 r\u00e9utilisable \u2022 \u00e0 fermeture par glissi\u00e8re \u2022 transparent<br \/>\n\u2022 rose \u2022 noir \u2022 anticorrosifs \u2022 conducteur \u2022 amortissant \u2022 doublure de barils<\/p>\n<\/td>\n<\/tr>\n<tr>\n<td class=\"titleSm\" style=\"text-align: left;\" valign=\"top\">Conteneurs<\/td>\n<td class=\"textMed\" style=\"text-align: left;\" valign=\"top\">\u2022 de transport \u2022 bacs \u2022 plateaux \u2022 porteurs \u2022 support et casiers<\/td>\n<\/tr>\n<tr>\n<td class=\"titleSm\" style=\"text-align: left;\" valign=\"top\">Emballage amortissant<\/td>\n<td class=\"textMed\" style=\"text-align: left;\" valign=\"top\">\u2022 sacs \u2022 bo\u00eetes \u2022 enveloppes \u2022 sacs \u00e0 bulles \u2022 feuilles sur mesure<\/td>\n<\/tr>\n<tr>\n<td class=\"titleSm\" style=\"text-align: left;\" valign=\"top\">P\u00e9llicule et mousse<\/td>\n<td class=\"textMed\" style=\"text-align: left;\" valign=\"top\">\u2022 conducteur \u2022 rose \u2022 sur mesures \u2022 \u00e9paisseur vari\u00e9 \u2022 doublure \u2022 gaines<\/td>\n<\/tr>\n<\/tbody>\n<\/table>\n<p><span style=\"color: #000080;\"><strong>Station de travaille<\/strong><\/span><\/p>\n<table class=\"product-list\" border=\"0\" width=\"663\" cellspacing=\"0\" cellpadding=\"0\">\n<tbody>\n<tr>\n<td class=\"titleSm\" valign=\"top\" width=\"199\">\n<p style=\"text-align: left;\">Bracelets\/Talonni\u00e8res<\/p>\n<\/td>\n<td style=\"width: 483px;\">\n<p style=\"text-align: left;\">\u2022 fils pour la mise \u00e0 la terre \u2022 r\u00e9glable \u2022 m\u00e9tallis\u00e9 \u2022 jetable<br \/>\n\u2022 tissue\/m\u00e9tal a deux conducteur \u2022 multicolore \u2022 thermoplastique<\/p>\n<\/td>\n<\/tr>\n<tr>\n<td class=\"titleSm\" style=\"text-align: left;\" valign=\"top\">\u00c9tiquettes \/ panneux<\/td>\n<td class=\"textMed\" style=\"text-align: left;\" valign=\"top\">\u2022 r\u00e9utilisable \u2022 panneau d\u2019avertissement (banc\/mur) \u2022 a affichage<\/td>\n<\/tr>\n<tr>\n<td class=\"titleSm\" style=\"text-align: left;\" valign=\"top\">Recouvrement de sols et matelats<\/td>\n<td class=\"textMed\" style=\"text-align: left;\" valign=\"top\">\u2022 table \u2022 matelats en caoutchou \u2022 recouvrement ESD epoxy<br \/>\n\u2022 nettoyants \u2022 surfaces rigide \u2022 matelats de plancheer \u2022 matelats anti-fatigue<br \/>\n\u2022 ordinateur et clavier \u2022 tapis<\/td>\n<\/tr>\n<tr>\n<td class=\"titleSm\" style=\"text-align: left;\" valign=\"top\">Appareils de mesure<\/td>\n<td class=\"textMed\" style=\"text-align: left;\" valign=\"top\">\u2022 ioniseurs \u2022 analyseur de charge \u2022 \u00e0 continu \u2022 \u00e0 deux conducteurs<br \/>\n\u2022 cric \u00e0 distance \u2022 trousse de d\u00e9tection \u2022 bracelets et talonni\u00e8res<\/td>\n<\/tr>\n<\/tbody>\n<\/table>\n<p><span style=\"color: #000080;\"><strong>Accessoires<\/strong><\/span><\/p>\n<table class=\"product-list\" border=\"0\" width=\"663\" cellspacing=\"0\" cellpadding=\"0\">\n<tbody>\n<tr>\n<td class=\"titleSm\" valign=\"top\" width=\"199\">\n<p style=\"text-align: left;\">\u2022 sarrauds \u2022 d\u00e9vidoirs \u2022 tissue de nettoyage \u2022 habillement de protection (pi\u00e8ces propre)<\/p>\n<\/td>\n<\/tr>\n<\/tbody>\n<\/table>\n","protected":false},"excerpt":{"rendered":"<p>Rubans (disponible en formes et tailles sp\u00e9cialis\u00e9s) \u2022 marquage \u2022 adh\u00e9sifs de transfert conducteur \u2022 conducteur \u2022 utilisation g\u00e9n\u00e9rale (&#8220;ESD&#8221; imprim\u00e9 disponible) \u2022 ESD kapton\/polyamide \u2022 emballages \u2022 protection EMI \u2022 statique dissapative \u2022 PTFE en verre \u2022 masquage faible statique Emballages Sacs \u2022 m\u00e9tallis\u00e9 en\/hors \u2022 r\u00e9utilisable \u2022 \u00e0 fermeture par glissi\u00e8re \u2022 transparent<\/p>\n<p class=\"more-link\"><a href=\"http:\/\/jolitape.ca\/?page_id=741&#038;lang=fr\" class=\"themebutton2\">READ MORE<\/a><\/p>\n","protected":false},"author":2,"featured_media":0,"parent":734,"menu_order":0,"comment_status":"closed","ping_status":"closed","template":"","meta":{"footnotes":""},"class_list":["post-741","page","type-page","status-publish","hentry"],"yoast_head":"<!-- This site is optimized with the Yoast SEO plugin v27.3 - https:\/\/yoast.com\/product\/yoast-seo-wordpress\/ -->\n<title>Produits antistatiques - JOLI<\/title>\n<meta name=\"robots\" content=\"index, follow, max-snippet:-1, max-image-preview:large, max-video-preview:-1\" \/>\n<link rel=\"canonical\" href=\"http:\/\/jolitape.ca\/?page_id=741&lang=fr\" \/>\n<meta property=\"og:locale\" content=\"en_US\" \/>\n<meta property=\"og:type\" content=\"article\" \/>\n<meta property=\"og:title\" content=\"Produits antistatiques - JOLI\" \/>\n<meta property=\"og:description\" content=\"Rubans (disponible en formes et tailles sp\u00e9cialis\u00e9s) \u2022 marquage \u2022 adh\u00e9sifs de transfert conducteur \u2022 conducteur \u2022 utilisation g\u00e9n\u00e9rale (&#8220;ESD&#8221; imprim\u00e9 disponible) \u2022 ESD kapton\/polyamide \u2022 emballages \u2022 protection EMI \u2022 statique dissapative \u2022 PTFE en verre \u2022 masquage faible statique Emballages Sacs \u2022 m\u00e9tallis\u00e9 en\/hors \u2022 r\u00e9utilisable \u2022 \u00e0 fermeture par glissi\u00e8re \u2022 transparentREAD MORE\" \/>\n<meta property=\"og:url\" content=\"http:\/\/jolitape.ca\/?page_id=741&amp;lang=fr\" \/>\n<meta property=\"og:site_name\" content=\"JOLI\" \/>\n<meta property=\"article:modified_time\" content=\"2016-11-27T18:39:29+00:00\" \/>\n<meta name=\"twitter:card\" content=\"summary_large_image\" \/>\n<meta name=\"twitter:label1\" content=\"Est. reading time\" \/>\n\t<meta name=\"twitter:data1\" content=\"1 minute\" \/>\n<script type=\"application\/ld+json\" class=\"yoast-schema-graph\">{\"@context\":\"https:\\\/\\\/schema.org\",\"@graph\":[{\"@type\":\"WebPage\",\"@id\":\"http:\\\/\\\/jolitape.ca\\\/?page_id=741&lang=fr\",\"url\":\"http:\\\/\\\/jolitape.ca\\\/?page_id=741&lang=fr\",\"name\":\"Produits antistatiques - JOLI\",\"isPartOf\":{\"@id\":\"http:\\\/\\\/jolitape.ca\\\/#website\"},\"datePublished\":\"2016-11-27T00:44:29+00:00\",\"dateModified\":\"2016-11-27T18:39:29+00:00\",\"breadcrumb\":{\"@id\":\"http:\\\/\\\/jolitape.ca\\\/?page_id=741&lang=fr#breadcrumb\"},\"inLanguage\":\"en-US\",\"potentialAction\":[{\"@type\":\"ReadAction\",\"target\":[\"http:\\\/\\\/jolitape.ca\\\/?page_id=741&lang=fr\"]}]},{\"@type\":\"BreadcrumbList\",\"@id\":\"http:\\\/\\\/jolitape.ca\\\/?page_id=741&lang=fr#breadcrumb\",\"itemListElement\":[{\"@type\":\"ListItem\",\"position\":1,\"name\":\"Home\",\"item\":\"http:\\\/\\\/jolitape.ca\\\/?page_id=102&lang=en\"},{\"@type\":\"ListItem\",\"position\":2,\"name\":\"Nos produits\",\"item\":\"http:\\\/\\\/jolitape.ca\\\/?page_id=734&lang=fr\"},{\"@type\":\"ListItem\",\"position\":3,\"name\":\"Produits antistatiques\"}]},{\"@type\":\"WebSite\",\"@id\":\"http:\\\/\\\/jolitape.ca\\\/#website\",\"url\":\"http:\\\/\\\/jolitape.ca\\\/\",\"name\":\"JOLI\",\"description\":\"Tapes and Adhesives Distributor &amp; Converter.\",\"publisher\":{\"@id\":\"http:\\\/\\\/jolitape.ca\\\/#organization\"},\"alternateName\":\"Jolitape\",\"potentialAction\":[{\"@type\":\"SearchAction\",\"target\":{\"@type\":\"EntryPoint\",\"urlTemplate\":\"http:\\\/\\\/jolitape.ca\\\/?s={search_term_string}\"},\"query-input\":{\"@type\":\"PropertyValueSpecification\",\"valueRequired\":true,\"valueName\":\"search_term_string\"}}],\"inLanguage\":\"en-US\"},{\"@type\":\"Organization\",\"@id\":\"http:\\\/\\\/jolitape.ca\\\/#organization\",\"name\":\"JOLI\",\"alternateName\":\"F. Hendel Distribution Inc.\",\"url\":\"http:\\\/\\\/jolitape.ca\\\/\",\"logo\":{\"@type\":\"ImageObject\",\"inLanguage\":\"en-US\",\"@id\":\"http:\\\/\\\/jolitape.ca\\\/#\\\/schema\\\/logo\\\/image\\\/\",\"url\":\"http:\\\/\\\/jolitape.ca\\\/wp-content\\\/uploads\\\/2016\\\/09\\\/cropped-joli-logo_highres-1.jpg\",\"contentUrl\":\"http:\\\/\\\/jolitape.ca\\\/wp-content\\\/uploads\\\/2016\\\/09\\\/cropped-joli-logo_highres-1.jpg\",\"width\":1092,\"height\":382,\"caption\":\"JOLI\"},\"image\":{\"@id\":\"http:\\\/\\\/jolitape.ca\\\/#\\\/schema\\\/logo\\\/image\\\/\"}}]}<\/script>\n<!-- \/ Yoast SEO plugin. -->","yoast_head_json":{"title":"Produits antistatiques - JOLI","robots":{"index":"index","follow":"follow","max-snippet":"max-snippet:-1","max-image-preview":"max-image-preview:large","max-video-preview":"max-video-preview:-1"},"canonical":"http:\/\/jolitape.ca\/?page_id=741&lang=fr","og_locale":"en_US","og_type":"article","og_title":"Produits antistatiques - JOLI","og_description":"Rubans (disponible en formes et tailles sp\u00e9cialis\u00e9s) \u2022 marquage \u2022 adh\u00e9sifs de transfert conducteur \u2022 conducteur \u2022 utilisation g\u00e9n\u00e9rale (&#8220;ESD&#8221; imprim\u00e9 disponible) \u2022 ESD kapton\/polyamide \u2022 emballages \u2022 protection EMI \u2022 statique dissapative \u2022 PTFE en verre \u2022 masquage faible statique Emballages Sacs \u2022 m\u00e9tallis\u00e9 en\/hors \u2022 r\u00e9utilisable \u2022 \u00e0 fermeture par glissi\u00e8re \u2022 transparentREAD MORE","og_url":"http:\/\/jolitape.ca\/?page_id=741&lang=fr","og_site_name":"JOLI","article_modified_time":"2016-11-27T18:39:29+00:00","twitter_card":"summary_large_image","twitter_misc":{"Est. reading time":"1 minute"},"schema":{"@context":"https:\/\/schema.org","@graph":[{"@type":"WebPage","@id":"http:\/\/jolitape.ca\/?page_id=741&lang=fr","url":"http:\/\/jolitape.ca\/?page_id=741&lang=fr","name":"Produits antistatiques - JOLI","isPartOf":{"@id":"http:\/\/jolitape.ca\/#website"},"datePublished":"2016-11-27T00:44:29+00:00","dateModified":"2016-11-27T18:39:29+00:00","breadcrumb":{"@id":"http:\/\/jolitape.ca\/?page_id=741&lang=fr#breadcrumb"},"inLanguage":"en-US","potentialAction":[{"@type":"ReadAction","target":["http:\/\/jolitape.ca\/?page_id=741&lang=fr"]}]},{"@type":"BreadcrumbList","@id":"http:\/\/jolitape.ca\/?page_id=741&lang=fr#breadcrumb","itemListElement":[{"@type":"ListItem","position":1,"name":"Home","item":"http:\/\/jolitape.ca\/?page_id=102&lang=en"},{"@type":"ListItem","position":2,"name":"Nos produits","item":"http:\/\/jolitape.ca\/?page_id=734&lang=fr"},{"@type":"ListItem","position":3,"name":"Produits antistatiques"}]},{"@type":"WebSite","@id":"http:\/\/jolitape.ca\/#website","url":"http:\/\/jolitape.ca\/","name":"JOLI","description":"Tapes and Adhesives Distributor &amp; Converter.","publisher":{"@id":"http:\/\/jolitape.ca\/#organization"},"alternateName":"Jolitape","potentialAction":[{"@type":"SearchAction","target":{"@type":"EntryPoint","urlTemplate":"http:\/\/jolitape.ca\/?s={search_term_string}"},"query-input":{"@type":"PropertyValueSpecification","valueRequired":true,"valueName":"search_term_string"}}],"inLanguage":"en-US"},{"@type":"Organization","@id":"http:\/\/jolitape.ca\/#organization","name":"JOLI","alternateName":"F. Hendel Distribution Inc.","url":"http:\/\/jolitape.ca\/","logo":{"@type":"ImageObject","inLanguage":"en-US","@id":"http:\/\/jolitape.ca\/#\/schema\/logo\/image\/","url":"http:\/\/jolitape.ca\/wp-content\/uploads\/2016\/09\/cropped-joli-logo_highres-1.jpg","contentUrl":"http:\/\/jolitape.ca\/wp-content\/uploads\/2016\/09\/cropped-joli-logo_highres-1.jpg","width":1092,"height":382,"caption":"JOLI"},"image":{"@id":"http:\/\/jolitape.ca\/#\/schema\/logo\/image\/"}}]}},"_links":{"self":[{"href":"http:\/\/jolitape.ca\/index.php?rest_route=\/wp\/v2\/pages\/741","targetHints":{"allow":["GET"]}}],"collection":[{"href":"http:\/\/jolitape.ca\/index.php?rest_route=\/wp\/v2\/pages"}],"about":[{"href":"http:\/\/jolitape.ca\/index.php?rest_route=\/wp\/v2\/types\/page"}],"author":[{"embeddable":true,"href":"http:\/\/jolitape.ca\/index.php?rest_route=\/wp\/v2\/users\/2"}],"replies":[{"embeddable":true,"href":"http:\/\/jolitape.ca\/index.php?rest_route=%2Fwp%2Fv2%2Fcomments&post=741"}],"version-history":[{"count":2,"href":"http:\/\/jolitape.ca\/index.php?rest_route=\/wp\/v2\/pages\/741\/revisions"}],"predecessor-version":[{"id":784,"href":"http:\/\/jolitape.ca\/index.php?rest_route=\/wp\/v2\/pages\/741\/revisions\/784"}],"up":[{"embeddable":true,"href":"http:\/\/jolitape.ca\/index.php?rest_route=\/wp\/v2\/pages\/734"}],"wp:attachment":[{"href":"http:\/\/jolitape.ca\/index.php?rest_route=%2Fwp%2Fv2%2Fmedia&parent=741"}],"curies":[{"name":"wp","href":"https:\/\/api.w.org\/{rel}","templated":true}]}}