{"id":744,"date":"2016-11-27T00:48:58","date_gmt":"2016-11-27T00:48:58","guid":{"rendered":"http:\/\/jolitape.ca\/?page_id=744"},"modified":"2017-11-18T22:12:52","modified_gmt":"2017-11-18T22:12:52","slug":"nos-services-2","status":"publish","type":"page","link":"http:\/\/jolitape.ca\/?page_id=744&lang=fr","title":{"rendered":"Nos services"},"content":{"rendered":"<p><img loading=\"lazy\" decoding=\"async\" class=\"alignleft wp-image-432 \" style=\"margin-bottom: 100px; margin-left: 5px; margin-right: 5px;\" src=\"http:\/\/jolitape.ca\/wp-content\/uploads\/2016\/11\/IMG_00000155-150x150.jpg\" alt=\"red cutouts\" width=\"190\" height=\"190\" srcset=\"http:\/\/jolitape.ca\/wp-content\/uploads\/2016\/11\/IMG_00000155-150x150.jpg 150w, http:\/\/jolitape.ca\/wp-content\/uploads\/2016\/11\/IMG_00000155-53x53.jpg 53w, http:\/\/jolitape.ca\/wp-content\/uploads\/2016\/11\/IMG_00000155-85x85.jpg 85w, http:\/\/jolitape.ca\/wp-content\/uploads\/2016\/11\/IMG_00000155-570x570.jpg 570w, http:\/\/jolitape.ca\/wp-content\/uploads\/2016\/11\/IMG_00000155-380x380.jpg 380w, http:\/\/jolitape.ca\/wp-content\/uploads\/2016\/11\/IMG_00000155-285x285.jpg 285w\" sizes=\"auto, (max-width: 190px) 100vw, 190px\" \/> <img loading=\"lazy\" decoding=\"async\" class=\"alignleft wp-image-297 \" style=\"margin-bottom: 100px; margin-left: 5px; margin-right: 5px;\" src=\"http:\/\/jolitape.ca\/wp-content\/uploads\/2016\/10\/Feature3_2-150x150.jpg\" alt=\"Round 3M cutouts\" width=\"190\" height=\"190\" \/> <img loading=\"lazy\" decoding=\"async\" class=\"alignleft wp-image-296 \" style=\"margin-bottom: 100px; margin-left: 5px; margin-right: 50px;\" src=\"http:\/\/jolitape.ca\/wp-content\/uploads\/2016\/10\/Feature_3_Services-1-e1477521187149-150x150.jpg\" alt=\"Multi-piece cutouts\" width=\"190\" height=\"190\" srcset=\"http:\/\/jolitape.ca\/wp-content\/uploads\/2016\/10\/Feature_3_Services-1-e1477521187149-150x150.jpg 150w, http:\/\/jolitape.ca\/wp-content\/uploads\/2016\/10\/Feature_3_Services-1-e1477521187149-53x53.jpg 53w, http:\/\/jolitape.ca\/wp-content\/uploads\/2016\/10\/Feature_3_Services-1-e1477521187149-85x85.jpg 85w\" sizes=\"auto, (max-width: 190px) 100vw, 190px\" \/><\/p>\n<ul>\n<li>Tailles et D\u00e9coupage sur mesure \u2013 D\u00e9coupe mi-chair ou pleine chair<\/li>\n<li>Fendage de haute pr\u00e9cision<\/li>\n<li>Lamination<\/li>\n<li>Installation de papier silicone r\u00e9gulier ou couper au centre<\/li>\n<li>Rebobinage<\/li>\n<li>Poin\u00e7onnage<\/li>\n<li>Conversion<\/li>\n<li>D\u00e9coupage de mousse de haute pr\u00e9cision<\/li>\n<li>Conception de produit et fabrication et modif<\/li>\n<\/ul>\n","protected":false},"excerpt":{"rendered":"<p>Tailles et D\u00e9coupage sur mesure \u2013 D\u00e9coupe mi-chair ou pleine chair Fendage de haute pr\u00e9cision Lamination Installation de papier silicone r\u00e9gulier ou couper au centre Rebobinage Poin\u00e7onnage Conversion D\u00e9coupage de mousse de haute pr\u00e9cision Conception de produit et fabrication et modif<\/p>\n","protected":false},"author":2,"featured_media":0,"parent":0,"menu_order":0,"comment_status":"closed","ping_status":"closed","template":"","meta":{"footnotes":""},"class_list":["post-744","page","type-page","status-publish","hentry"],"yoast_head":"<!-- This site is optimized with the Yoast SEO plugin v27.3 - https:\/\/yoast.com\/product\/yoast-seo-wordpress\/ -->\n<title>Nos services - JOLI<\/title>\n<meta name=\"robots\" content=\"index, follow, max-snippet:-1, max-image-preview:large, max-video-preview:-1\" \/>\n<link rel=\"canonical\" href=\"http:\/\/jolitape.ca\/?page_id=744&lang=fr\" \/>\n<meta property=\"og:locale\" content=\"en_US\" \/>\n<meta property=\"og:type\" content=\"article\" \/>\n<meta property=\"og:title\" content=\"Nos services - JOLI\" \/>\n<meta property=\"og:description\" content=\"Tailles et D\u00e9coupage sur mesure \u2013 D\u00e9coupe mi-chair ou pleine chair Fendage de haute pr\u00e9cision Lamination Installation de papier silicone r\u00e9gulier ou couper au centre Rebobinage Poin\u00e7onnage Conversion D\u00e9coupage de mousse de haute pr\u00e9cision Conception de produit et fabrication et modif\" \/>\n<meta property=\"og:url\" content=\"http:\/\/jolitape.ca\/?page_id=744&amp;lang=fr\" \/>\n<meta property=\"og:site_name\" content=\"JOLI\" \/>\n<meta property=\"article:modified_time\" content=\"2017-11-18T22:12:52+00:00\" \/>\n<meta property=\"og:image\" content=\"http:\/\/jolitape.ca\/wp-content\/uploads\/2016\/11\/IMG_00000155-150x150.jpg\" \/>\n<meta name=\"twitter:card\" content=\"summary_large_image\" \/>\n<script type=\"application\/ld+json\" class=\"yoast-schema-graph\">{\"@context\":\"https:\\\/\\\/schema.org\",\"@graph\":[{\"@type\":\"WebPage\",\"@id\":\"http:\\\/\\\/jolitape.ca\\\/?page_id=744&lang=fr\",\"url\":\"http:\\\/\\\/jolitape.ca\\\/?page_id=744&lang=fr\",\"name\":\"Nos services - JOLI\",\"isPartOf\":{\"@id\":\"http:\\\/\\\/jolitape.ca\\\/#website\"},\"primaryImageOfPage\":{\"@id\":\"http:\\\/\\\/jolitape.ca\\\/?page_id=744&lang=fr#primaryimage\"},\"image\":{\"@id\":\"http:\\\/\\\/jolitape.ca\\\/?page_id=744&lang=fr#primaryimage\"},\"thumbnailUrl\":\"http:\\\/\\\/jolitape.ca\\\/wp-content\\\/uploads\\\/2016\\\/11\\\/IMG_00000155-150x150.jpg\",\"datePublished\":\"2016-11-27T00:48:58+00:00\",\"dateModified\":\"2017-11-18T22:12:52+00:00\",\"breadcrumb\":{\"@id\":\"http:\\\/\\\/jolitape.ca\\\/?page_id=744&lang=fr#breadcrumb\"},\"inLanguage\":\"en-US\",\"potentialAction\":[{\"@type\":\"ReadAction\",\"target\":[\"http:\\\/\\\/jolitape.ca\\\/?page_id=744&lang=fr\"]}]},{\"@type\":\"ImageObject\",\"inLanguage\":\"en-US\",\"@id\":\"http:\\\/\\\/jolitape.ca\\\/?page_id=744&lang=fr#primaryimage\",\"url\":\"http:\\\/\\\/jolitape.ca\\\/wp-content\\\/uploads\\\/2016\\\/11\\\/IMG_00000155.jpg\",\"contentUrl\":\"http:\\\/\\\/jolitape.ca\\\/wp-content\\\/uploads\\\/2016\\\/11\\\/IMG_00000155.jpg\",\"width\":3264,\"height\":1836},{\"@type\":\"BreadcrumbList\",\"@id\":\"http:\\\/\\\/jolitape.ca\\\/?page_id=744&lang=fr#breadcrumb\",\"itemListElement\":[{\"@type\":\"ListItem\",\"position\":1,\"name\":\"Home\",\"item\":\"http:\\\/\\\/jolitape.ca\\\/?page_id=102&lang=en\"},{\"@type\":\"ListItem\",\"position\":2,\"name\":\"Nos services\"}]},{\"@type\":\"WebSite\",\"@id\":\"http:\\\/\\\/jolitape.ca\\\/#website\",\"url\":\"http:\\\/\\\/jolitape.ca\\\/\",\"name\":\"JOLI\",\"description\":\"Tapes and Adhesives Distributor &amp; Converter.\",\"publisher\":{\"@id\":\"http:\\\/\\\/jolitape.ca\\\/#organization\"},\"alternateName\":\"Jolitape\",\"potentialAction\":[{\"@type\":\"SearchAction\",\"target\":{\"@type\":\"EntryPoint\",\"urlTemplate\":\"http:\\\/\\\/jolitape.ca\\\/?s={search_term_string}\"},\"query-input\":{\"@type\":\"PropertyValueSpecification\",\"valueRequired\":true,\"valueName\":\"search_term_string\"}}],\"inLanguage\":\"en-US\"},{\"@type\":\"Organization\",\"@id\":\"http:\\\/\\\/jolitape.ca\\\/#organization\",\"name\":\"JOLI\",\"alternateName\":\"F. Hendel Distribution Inc.\",\"url\":\"http:\\\/\\\/jolitape.ca\\\/\",\"logo\":{\"@type\":\"ImageObject\",\"inLanguage\":\"en-US\",\"@id\":\"http:\\\/\\\/jolitape.ca\\\/#\\\/schema\\\/logo\\\/image\\\/\",\"url\":\"http:\\\/\\\/jolitape.ca\\\/wp-content\\\/uploads\\\/2016\\\/09\\\/cropped-joli-logo_highres-1.jpg\",\"contentUrl\":\"http:\\\/\\\/jolitape.ca\\\/wp-content\\\/uploads\\\/2016\\\/09\\\/cropped-joli-logo_highres-1.jpg\",\"width\":1092,\"height\":382,\"caption\":\"JOLI\"},\"image\":{\"@id\":\"http:\\\/\\\/jolitape.ca\\\/#\\\/schema\\\/logo\\\/image\\\/\"}}]}<\/script>\n<!-- \/ Yoast SEO plugin. -->","yoast_head_json":{"title":"Nos services - JOLI","robots":{"index":"index","follow":"follow","max-snippet":"max-snippet:-1","max-image-preview":"max-image-preview:large","max-video-preview":"max-video-preview:-1"},"canonical":"http:\/\/jolitape.ca\/?page_id=744&lang=fr","og_locale":"en_US","og_type":"article","og_title":"Nos services - JOLI","og_description":"Tailles et D\u00e9coupage sur mesure \u2013 D\u00e9coupe mi-chair ou pleine chair Fendage de haute pr\u00e9cision Lamination Installation de papier silicone r\u00e9gulier ou couper au centre Rebobinage Poin\u00e7onnage Conversion D\u00e9coupage de mousse de haute pr\u00e9cision Conception de produit et fabrication et modif","og_url":"http:\/\/jolitape.ca\/?page_id=744&lang=fr","og_site_name":"JOLI","article_modified_time":"2017-11-18T22:12:52+00:00","og_image":[{"url":"http:\/\/jolitape.ca\/wp-content\/uploads\/2016\/11\/IMG_00000155-150x150.jpg","type":"","width":"","height":""}],"twitter_card":"summary_large_image","schema":{"@context":"https:\/\/schema.org","@graph":[{"@type":"WebPage","@id":"http:\/\/jolitape.ca\/?page_id=744&lang=fr","url":"http:\/\/jolitape.ca\/?page_id=744&lang=fr","name":"Nos services - JOLI","isPartOf":{"@id":"http:\/\/jolitape.ca\/#website"},"primaryImageOfPage":{"@id":"http:\/\/jolitape.ca\/?page_id=744&lang=fr#primaryimage"},"image":{"@id":"http:\/\/jolitape.ca\/?page_id=744&lang=fr#primaryimage"},"thumbnailUrl":"http:\/\/jolitape.ca\/wp-content\/uploads\/2016\/11\/IMG_00000155-150x150.jpg","datePublished":"2016-11-27T00:48:58+00:00","dateModified":"2017-11-18T22:12:52+00:00","breadcrumb":{"@id":"http:\/\/jolitape.ca\/?page_id=744&lang=fr#breadcrumb"},"inLanguage":"en-US","potentialAction":[{"@type":"ReadAction","target":["http:\/\/jolitape.ca\/?page_id=744&lang=fr"]}]},{"@type":"ImageObject","inLanguage":"en-US","@id":"http:\/\/jolitape.ca\/?page_id=744&lang=fr#primaryimage","url":"http:\/\/jolitape.ca\/wp-content\/uploads\/2016\/11\/IMG_00000155.jpg","contentUrl":"http:\/\/jolitape.ca\/wp-content\/uploads\/2016\/11\/IMG_00000155.jpg","width":3264,"height":1836},{"@type":"BreadcrumbList","@id":"http:\/\/jolitape.ca\/?page_id=744&lang=fr#breadcrumb","itemListElement":[{"@type":"ListItem","position":1,"name":"Home","item":"http:\/\/jolitape.ca\/?page_id=102&lang=en"},{"@type":"ListItem","position":2,"name":"Nos services"}]},{"@type":"WebSite","@id":"http:\/\/jolitape.ca\/#website","url":"http:\/\/jolitape.ca\/","name":"JOLI","description":"Tapes and Adhesives Distributor &amp; Converter.","publisher":{"@id":"http:\/\/jolitape.ca\/#organization"},"alternateName":"Jolitape","potentialAction":[{"@type":"SearchAction","target":{"@type":"EntryPoint","urlTemplate":"http:\/\/jolitape.ca\/?s={search_term_string}"},"query-input":{"@type":"PropertyValueSpecification","valueRequired":true,"valueName":"search_term_string"}}],"inLanguage":"en-US"},{"@type":"Organization","@id":"http:\/\/jolitape.ca\/#organization","name":"JOLI","alternateName":"F. Hendel Distribution Inc.","url":"http:\/\/jolitape.ca\/","logo":{"@type":"ImageObject","inLanguage":"en-US","@id":"http:\/\/jolitape.ca\/#\/schema\/logo\/image\/","url":"http:\/\/jolitape.ca\/wp-content\/uploads\/2016\/09\/cropped-joli-logo_highres-1.jpg","contentUrl":"http:\/\/jolitape.ca\/wp-content\/uploads\/2016\/09\/cropped-joli-logo_highres-1.jpg","width":1092,"height":382,"caption":"JOLI"},"image":{"@id":"http:\/\/jolitape.ca\/#\/schema\/logo\/image\/"}}]}},"_links":{"self":[{"href":"http:\/\/jolitape.ca\/index.php?rest_route=\/wp\/v2\/pages\/744","targetHints":{"allow":["GET"]}}],"collection":[{"href":"http:\/\/jolitape.ca\/index.php?rest_route=\/wp\/v2\/pages"}],"about":[{"href":"http:\/\/jolitape.ca\/index.php?rest_route=\/wp\/v2\/types\/page"}],"author":[{"embeddable":true,"href":"http:\/\/jolitape.ca\/index.php?rest_route=\/wp\/v2\/users\/2"}],"replies":[{"embeddable":true,"href":"http:\/\/jolitape.ca\/index.php?rest_route=%2Fwp%2Fv2%2Fcomments&post=744"}],"version-history":[{"count":4,"href":"http:\/\/jolitape.ca\/index.php?rest_route=\/wp\/v2\/pages\/744\/revisions"}],"predecessor-version":[{"id":1013,"href":"http:\/\/jolitape.ca\/index.php?rest_route=\/wp\/v2\/pages\/744\/revisions\/1013"}],"wp:attachment":[{"href":"http:\/\/jolitape.ca\/index.php?rest_route=%2Fwp%2Fv2%2Fmedia&parent=744"}],"curies":[{"name":"wp","href":"https:\/\/api.w.org\/{rel}","templated":true}]}}